{"id":177,"date":"2021-04-21T18:16:09","date_gmt":"2021-04-21T18:16:09","guid":{"rendered":"https:\/\/dassegur.com\/?page_id=177"},"modified":"2021-04-21T18:16:22","modified_gmt":"2021-04-21T18:16:22","slug":"avisolegal","status":"publish","type":"page","link":"https:\/\/dassegur.com\/index.php\/avisolegal\/","title":{"rendered":"Aviso Legal"},"content":{"rendered":"<div class=\"vce-row-container\" data-vce-boxed-width=\"true\"><div class=\"vce-row vce-row--col-gap-30 vce-row-equal-height vce-row-content--top\" id=\"el-f1b5b194\" data-vce-do-apply=\"all el-f1b5b194\"><div class=\"vce-row-content\" data-vce-element-content=\"true\"><div class=\"vce-col vce-col--md-auto vce-col--xs-1 vce-col--xs-last vce-col--xs-first vce-col--sm-last vce-col--sm-first vce-col--md-last vce-col--lg-last vce-col--xl-last vce-col--md-first vce-col--lg-first vce-col--xl-first\" id=\"el-d99731eb\"><div class=\"vce-col-inner\" data-vce-do-apply=\"border margin background  el-d99731eb\"><div class=\"vce-col-content\" data-vce-element-content=\"true\" data-vce-do-apply=\"padding el-d99731eb\"><div class=\"vce-text-block\"><div class=\"vce-text-block-wrapper vce\" id=\"el-a0c19c1f\" data-vce-do-apply=\"all el-a0c19c1f\"><\/div><\/div><\/div><\/div><\/div><\/div><\/div><\/div><div class=\"vce-row-container\" data-vce-boxed-width=\"true\"><div class=\"vce-row vce-row--col-gap-30 vce-row-equal-height vce-row-content--top\" id=\"el-a457a239\" data-vce-do-apply=\"all el-a457a239\"><div class=\"vce-row-content\" data-vce-element-content=\"true\"><div class=\"vce-col vce-col--md-auto vce-col--xs-1 vce-col--xs-last vce-col--xs-first vce-col--sm-last vce-col--sm-first vce-col--md-last vce-col--lg-last vce-col--xl-last vce-col--md-first vce-col--lg-first vce-col--xl-first\" id=\"el-2b65997b\"><div class=\"vce-col-inner\" data-vce-do-apply=\"border margin background  el-2b65997b\"><div class=\"vce-col-content\" data-vce-element-content=\"true\" data-vce-do-apply=\"padding el-2b65997b\"><\/div><\/div><\/div><\/div><\/div><\/div><div class=\"vce-row-container\" data-vce-boxed-width=\"true\"><div class=\"vce-row vce-row--col-gap-30 vce-row-equal-height vce-row-content--top\" id=\"el-b9292e0a\" data-vce-do-apply=\"all el-b9292e0a\"><div class=\"vce-row-content\" data-vce-element-content=\"true\"><div class=\"vce-col vce-col--md-auto vce-col--xs-1 vce-col--xs-last vce-col--xs-first vce-col--sm-last vce-col--sm-first vce-col--md-last vce-col--lg-last vce-col--xl-last vce-col--md-first vce-col--lg-first vce-col--xl-first\" id=\"el-947ca64a\"><div class=\"vce-col-inner\" data-vce-do-apply=\"border margin background  el-947ca64a\"><div class=\"vce-col-content\" data-vce-element-content=\"true\" data-vce-do-apply=\"padding el-947ca64a\"><div class=\"vce-text-block\"><div class=\"vce-text-block-wrapper vce\" id=\"el-d378ad25\" data-vce-do-apply=\"all el-d378ad25\"><div id=\"titulo\" style=\"box-sizing: border-box; padding: 0px; margin: 20px 0px; color: #68717a; font-family: Raleway, sans-serif; font-size: 14px; font-style: normal; font-variant-ligatures: normal; font-variant-caps: normal; font-weight: 400; letter-spacing: normal; orphans: 2; text-align: start; text-indent: 0px; text-transform: none; white-space: normal; widows: 2; word-spacing: 0px; -webkit-text-stroke-width: 0px; background-color: #ffffff; text-decoration-thickness: initial; text-decoration-style: initial; text-decoration-color: initial;\"><h1 style=\"box-sizing: border-box; padding: 0px; margin: 0px; color: #333333;\">Aviso legal<\/h1><\/div><div class=\"contenido-pagina\" style=\"box-sizing: border-box; padding: 0px; margin: 30px 0px; color: #68717a; font-family: Raleway, sans-serif; font-size: 14px; font-style: normal; font-variant-ligatures: normal; font-variant-caps: normal; font-weight: 400; letter-spacing: normal; orphans: 2; text-align: start; text-indent: 0px; text-transform: none; white-space: normal; widows: 2; word-spacing: 0px; -webkit-text-stroke-width: 0px; background-color: #ffffff; text-decoration-thickness: initial; text-decoration-style: initial; text-decoration-color: initial;\"><div style=\"box-sizing: border-box; padding: 0px; margin: 0px;\"><h3 style=\"box-sizing: border-box; padding: 0px 0px 5px; margin: 0px; font-size: 1.5em; font-weight: 400;\">1.- Normas generales<\/h3><div id=\"cke_pastebin\" style=\"box-sizing: border-box; padding: 0px; margin: 0px;\">La utilizaci\u00f3n de www.a2nsistemas.es (de ahora en adelante \u00abel site \/ la aplicaci\u00f3n\/ la web \u00ab) implica que aceptas plenamente y sin reservas a todas y cada una de las disposiciones incluidas en este Aviso Legal, por lo que si no est\u00e1s de acuerdo con cualquiera de las condiciones aqu\u00ed establecidas, no debes usar ni acceder a este sitio. Reservamos el derecho a modificar esta Declaraci\u00f3n de Privacidad en cualquier momento. El uso continuo de cualquier secci\u00f3n de este sitio tras la notificaci\u00f3n o anuncio de tales modificaciones constituir\u00e1 que aceptas tales cambios.<\/div><div id=\"cke_pastebin\" style=\"box-sizing: border-box; padding: 0px; margin: 0px;\">&nbsp;<\/div><div id=\"cke_pastebin\" style=\"box-sizing: border-box; padding: 0px; margin: 0px;\">Ni el registro ni el uso de la gama completa de productos y servicios que te ofrecemos ser\u00e1 posible sin el consentimiento expl\u00edcito de los presentes T\u00e9rminos y Condiciones Generales.<\/div><div id=\"cke_pastebin\" style=\"box-sizing: border-box; padding: 0px; margin: 0px;\">&nbsp;<\/div><div id=\"cke_pastebin\" style=\"box-sizing: border-box; padding: 0px; margin: 0px;\">Estos T\u00e9rminos y Condiciones Generales se aplicar\u00e1n a todos los puntos de acceso al sitio web. En particular, podr\u00e1s acceder a \u00e9l desde cualquier navegador web y cualquier dispositivo electr\u00f3nico que disponga del sistema operativo necesario para poder ejecutar la aplicaci\u00f3n. Estos T\u00e9rminos y Condiciones Generales se aplicar\u00e1n a todos los puntos de acceso al servicio. En particular, podr\u00e1s acceder a la web desde cualquier navegador web y dispositivo electr\u00f3nico con sistemas operativos en los que la aplicaci\u00f3n est\u00e9 disponible.<\/div><div id=\"cke_pastebin\" style=\"box-sizing: border-box; padding: 0px; margin: 0px;\">&nbsp;<\/div><h3 style=\"box-sizing: border-box; padding: 0px 0px 5px; margin: 0px; font-size: 1.5em; font-weight: 400;\">2.- Uso de datos y servicios ofertados<\/h3><div id=\"cke_pastebin\" style=\"box-sizing: border-box; padding: 0px; margin: 0px;\">Desde la web podr\u00e1s realizar reservas de los distintos productos que ofrece a2nsistemas, para ello una vez seleccionado el producto, introducir\u00e1s tus datos de contacto para poder hacer efectiva la reserva.<\/div><div style=\"box-sizing: border-box; padding: 0px; margin: 0px;\">Estos datos se utilizar\u00e1n \u00fanica y exclusivamente para el desarrollo de la actividad de la empresa, en ning\u00fan caso ser\u00e1n cedidos a terceros.<\/div><h3 style=\"box-sizing: border-box; padding: 0px 0px 5px; margin: 0px; font-size: 1.5em; font-weight: 400;\">&nbsp;<\/h3><h3 style=\"box-sizing: border-box; padding: 0px 0px 5px; margin: 0px; font-size: 1.5em; font-weight: 400;\">3.- Obligaciones<\/h3><div id=\"cke_pastebin\" style=\"box-sizing: border-box; padding: 0px; margin: 0px;\">Aceptando estas condiciones te comprometes a seguir unas reglas de conducta y cumplir las siguientes obligaciones:<\/div><div id=\"cke_pastebin\" style=\"box-sizing: border-box; padding: 0px; margin: 0px;\">&nbsp;<\/div><div id=\"cke_pastebin\" style=\"box-sizing: border-box; padding: 0px; margin: 0px;\">Garantizas que las im\u00e1genes que utilizas son tuyas o en su defecto, cuentas con los pertinentes derechos de autor, imagen, etc. Es decir, aceptas que t\u00fa eres el \u00fanico responsable del contenido que publicas en la web.<\/div><div id=\"cke_pastebin\" style=\"box-sizing: border-box; padding: 0px; margin: 0px;\">Deber\u00e1s abstenerte de publicar, transmitir o distribuir entre los usuarios de del site cualquier contenido que sea racista, ofensivo, discriminatorio, sexual, violento o ilegal.<\/div><div id=\"cke_pastebin\" style=\"box-sizing: border-box; padding: 0px; margin: 0px;\">Adem\u00e1s deberas desistir de cualquier intento de hacking de la aplicaci\u00f3n como suplantaci\u00f3n de identidad, falseamiento de datos tanto de ranking como de publicaciones de otros usuarios<\/div><div id=\"cke_pastebin\" style=\"box-sizing: border-box; padding: 0px; margin: 0px;\">Te comprometes a no copiar, distribuir, transmitir o cobrar por el uso de datos personales ajenos, por lo que tu y solo tu respondes de estos actos dejando al margen la aplicaci\u00f3n..<\/div><div id=\"cke_pastebin\" style=\"box-sizing: border-box; padding: 0px; margin: 0px;\">&nbsp;<\/div><div id=\"cke_pastebin\" style=\"box-sizing: border-box; padding: 0px; margin: 0px;\">&nbsp;<\/div><h3 style=\"box-sizing: border-box; padding: 0px 0px 5px; margin: 0px; font-size: 1.5em; font-weight: 400;\">4.- Exenciones de responsabilidad<\/h3><div id=\"cke_pastebin\" style=\"box-sizing: border-box; padding: 0px; margin: 0px;\">4.1. Uso del contenido y propiedad intelectual del mismo<\/div><div id=\"cke_pastebin\" style=\"box-sizing: border-box; padding: 0px; margin: 0px;\">Como usuario otorgas a a2nsistemas el derecho a utilizar todo el contenido generado, transmitido, guardado y publicado. En consecuencia, a2nsistemas y cualquier compa\u00f1\u00eda afiliada a ella podr\u00e1 hacer uso de dicho contenido. Esto incluye el derecho a la eliminaci\u00f3n del contenido del site que creamos que no cumple las condiciones de uso de este documento. (censura de publicaciones no adecuadas)<\/div><div id=\"cke_pastebin\" style=\"box-sizing: border-box; padding: 0px; margin: 0px;\">&nbsp;<\/div><div id=\"cke_pastebin\" style=\"box-sizing: border-box; padding: 0px; margin: 0px;\">a2nsistemas no asumir\u00e1 ninguna responsabilidad, ya sea directa o indirecta, derivada del mal uso que hagas del Servicio, del sitio web.<\/div><div id=\"cke_pastebin\" style=\"box-sizing: border-box; padding: 0px; margin: 0px;\">&nbsp;<\/div><div id=\"cke_pastebin\" style=\"box-sizing: border-box; padding: 0px; margin: 0px;\">a2nsistemas no ser\u00e1 responsable del contenido inexacto que cre\u00e9is t\u00fa u otros miembros del site.<\/div><div id=\"cke_pastebin\" style=\"box-sizing: border-box; padding: 0px; margin: 0px;\">&nbsp;<\/div><div id=\"cke_pastebin\" style=\"box-sizing: border-box; padding: 0px; margin: 0px;\">a2nsistemas no&nbsp;garantiza que la aplicaci\u00f3n est\u00e9 disponible en todo momento, para cualquier subsanaci\u00f3n o consulta del contenido de la misma dispone del mail y tel\u00e9fono de la empresa en la secci\u00f3n de contacto<\/div><div id=\"cke_pastebin\" style=\"box-sizing: border-box; padding: 0px; margin: 0px;\">&nbsp;<\/div><div id=\"cke_pastebin\" style=\"box-sizing: border-box; padding: 0px; margin: 0px;\">&nbsp;<\/div><div id=\"cke_pastebin\" style=\"box-sizing: border-box; padding: 0px; margin: 0px;\">&nbsp;<\/div><div id=\"cke_pastebin\" style=\"box-sizing: border-box; padding: 0px; margin: 0px;\">4.2. Responsabilidad por el uso de la web.<\/div><div style=\"box-sizing: border-box; padding: 0px; margin: 0px;\">&nbsp;<\/div><div id=\"cke_pastebin\" style=\"box-sizing: border-box; padding: 0px; margin: 0px;\">Como usuario aceptas y garantizas que utilizas la aplicaci\u00f3n exclusivamente bajo tu propia responsabilidad y riesgo. Esto se aplica, sin limitaci\u00f3n a el uso relacionado de cualquier hardware, como ordenadores, smartphones y tablets entre otros.<\/div><div id=\"cke_pastebin\" style=\"box-sizing: border-box; padding: 0px; margin: 0px;\">&nbsp;<\/div><div id=\"cke_pastebin\" style=\"box-sizing: border-box; padding: 0px; margin: 0px;\">&nbsp;<\/div><div id=\"cke_pastebin\" style=\"box-sizing: border-box; padding: 0px; margin: 0px;\">&nbsp;<\/div><div id=\"cke_pastebin\" style=\"box-sizing: border-box; padding: 0px; margin: 0px;\">4.3. Responsabilidad por operadores m\u00f3viles.<\/div><div id=\"cke_pastebin\" style=\"box-sizing: border-box; padding: 0px; margin: 0px;\">En caso de no utilizar la red wifi de tu tel\u00e9fono, el operador de telefon\u00eda m\u00f3vil te aplicar\u00e1 la tarifa que tengas contratada para el env\u00edo y recepci\u00f3n de datos. En consecuencia, mediante su uso entiendes y aceptas que tu operador de telefon\u00eda m\u00f3vil s\u00ed podr\u00e1 cobrarte por la conexi\u00f3n de datos a traves de la red de datos m\u00f3viles. El site no se hace responsable de las restricciones que el operador m\u00f3vil pueda tener impuestas y que pudieran hacer que el Servicio no funcionara con normalidad. Asimismo, t\u00fa eres responsable de conocer si tu operador m\u00f3vil, tus servicios contratados y tu terminal m\u00f3vil son los id\u00f3neos para el acceso al Servicio y\/o uso de las aplicaciones m\u00f3viles.<\/div><div id=\"cke_pastebin\" style=\"box-sizing: border-box; padding: 0px; margin: 0px;\">&nbsp;<\/div><p style=\"box-sizing: border-box; padding: 0px; margin: 0px;\"><a style=\"box-sizing: border-box; padding: 0px; margin: 0px; color: #999999; text-decoration: none; border: none;\" href=\"http:\/\/www.a2nsistemas.es\/contacto\">Si tienes alguna queja, reclamaci\u00f3n o sugerencia, puedes acceder a la secci\u00f3n de contacto donde encontrar\u00e1s toda la informaci\u00f3n necesaria para que te atendamos via mail, tel\u00e9fono o atenderte personalmente en las instalaciones.<\/a><\/p><\/div><\/div><\/div><\/div><\/div><\/div><\/div><\/div><\/div><\/div>\n","protected":false},"excerpt":{"rendered":"<p>Aviso legal1.- Normas generalesLa utilizaci\u00f3n de www.a2nsistemas.es (de ahora en adelante \u00abel site \/ la aplicaci\u00f3n\/ la web \u00ab) implica que aceptas plenamente y sin reservas a todas y cada una de las disposiciones incluidas en este Aviso Legal, por lo que si no est\u00e1s de acuerdo con cualquiera de las condiciones aqu\u00ed establecidas, no [&hellip;]<\/p>\n","protected":false},"author":1,"featured_media":0,"parent":0,"menu_order":0,"comment_status":"closed","ping_status":"closed","template":"","meta":{"footnotes":""},"class_list":["post-177","page","type-page","status-publish","hentry"],"_links":{"self":[{"href":"https:\/\/dassegur.com\/index.php\/wp-json\/wp\/v2\/pages\/177","targetHints":{"allow":["GET"]}}],"collection":[{"href":"https:\/\/dassegur.com\/index.php\/wp-json\/wp\/v2\/pages"}],"about":[{"href":"https:\/\/dassegur.com\/index.php\/wp-json\/wp\/v2\/types\/page"}],"author":[{"embeddable":true,"href":"https:\/\/dassegur.com\/index.php\/wp-json\/wp\/v2\/users\/1"}],"replies":[{"embeddable":true,"href":"https:\/\/dassegur.com\/index.php\/wp-json\/wp\/v2\/comments?post=177"}],"version-history":[{"count":2,"href":"https:\/\/dassegur.com\/index.php\/wp-json\/wp\/v2\/pages\/177\/revisions"}],"predecessor-version":[{"id":179,"href":"https:\/\/dassegur.com\/index.php\/wp-json\/wp\/v2\/pages\/177\/revisions\/179"}],"wp:attachment":[{"href":"https:\/\/dassegur.com\/index.php\/wp-json\/wp\/v2\/media?parent=177"}],"curies":[{"name":"wp","href":"https:\/\/api.w.org\/{rel}","templated":true}]}}